s + 50 = s - 5*l, l + 22 = 3*s. Let b(u) be the first derivative of -u**4/4 + 7*u**3/3 - 3*u**2 - 2*u + 74. Give b(s).
-2
Let p(q) = -q**2 + 2*q + 6. Let w be (-14)/(-133) + 262/38. Calculate p(w).
-29
Let g(d) = -d**2 - 8*d + 10. Suppose -q = -o - 12, -12 = -o - 0*o - 5*q. Give g(o).
10
Suppose -4*b = -2*a - 34, -4*b + 0*a + 32 = -4*a. Let j(v) be the third derivative of -5/12*v**4 + 7/6*v**3 + 0 + 0*v + 1/60*v**5 + 10*v**2. Calculate j(b).
-2
Let c = -50 - -48. Let z(d) be the first derivative of -2*d + 1/2*d**4 + d**2 + 4/3*d**3 - 3. Calculate z(c).
-6
Let v(w) = 3*w - 2. Let f = -180 - -178. Determine v(f).
-8
Let w(r) = 7*r**3 - 3*r**2 + 2*r. Let c be ((-548)/(-1233))/(-1 + 22/18). Calculate w(c).
48
Let d(w) = -80*w - 29. Let o(z) = -34*z - 14. Let n(k) = 6*d(k) - 14*o(k). Determine n(10).
-18
Let m = 44 - 60. Let a be (6/5)/(m/(-40)). Let c(h) = 4*h**3 - 5*h**2 + 5*h - 2. Let r(v) = v**3 - v**2 + v. Let w(y) = -c(y) + 3*r(y). Give w(a).
-13
Let a(u) = u**3 - 4*u**2 - 5*u. Let t(v) = 1 + 3 + 9 + 3*v - 4*v. Let w be t(8). Give a(w).
0
Let w(q) = -q - 12. Suppose -112*o + 4*d + 12 = -111*o, 2*d + 24 = -4*o. Calculate w(o).
-8
Let q(g) = -4*g + 13. Let p(i) = 9*i - 28. Let b(n) = -3*p(n) - 7*q(n). What is b(2)?
-5
Let f(i) be the third derivative of 1/60*i**5 + 19/6*i**3 + 0*i + 0*i**4 + 0 - 35*i**2. Determine f(0).
19
Let s(y) = 2*y - 3 - 5 + 1. Let q be (0 + (-12)/(-10))/(2/5). Suppose -q*t + 2*t + 5 = 0. Give s(t).
3
Let y(u) = -u**3 + 11*u**2 - 4*u - 2. Let t(b) = b**3 - 10*b**2 + 3*b + 3. Let s(l) = 4*t(l) + 3*y(l). What is s(7)?
6
Let m be ((-32)/12)/(-2*(-3)/(-9)). Suppose m = 5*s - s. Let g(w) = w**3 + w. What is g(s)?
2
Suppose -l - 17 = -3*k, -1 - 4 = -k. Let f(w) = -w - 2. Let g(y) = 1 + y - 4 - 3*y. Let c(i) = 4*f(i) - 3*g(i). Give c(l).
-3
Let z be (-2)/(-6) + (-16)/(-6). Let l(a) = 1 - z*a - 3*a - a. Let t = -1440 - -1441. Determine l(t).
-6
Let l(v) = -6*v + 4 + v**3 + 1 - v**2 - 4 + 0. What is l(4)?
25
Let v(y) = 5*y + 33 - 16*y - 11. Let b be v(2). Let m(w) = w - 11. What is m(b)?
-11
Let d be -4 - 1/(2/74). Let t = -35 - d. Let m(i) = -i**2 + 3*i + 8. Determine m(t).
-10
Let m(w) = -95 - 15*w + 183 - 95. What is m(-3)?
38
Let y(s) = s**3 + 4*s**2 - 3*s + 2. Let w(f) = -2*f**3 + 2*f**2 - f - 1. Let q be w(-2). Suppose 4*r + q = -r. Give y(r).
-8
Let n(g) = -g**2 + g - 1. Let q(d) = -2*d - 7 + 3*d - 32*d**2 + 26*d**2 + 3. Let j(u) = 5*n(u) - q(u). What is j(-3)?
-4
Suppose 55*t = -4*g + 54*t + 12, 2*g = -3*t + 6. Let f(x) = 2*x**3 - 3*x**2 - 4*x + 4. What is f(g)?
19
Let a(c) = 1028*c**3 - 1 + 2*c**2 - 5 + 3*c - 1029*c**3 + 4. Give a(2).
4
Let w(y) be the first derivative of -y**5/20 + y**3/6 - y**2/2 + y - 27. Let j(r) be the first derivative of w(r). Give j(2).
-7
Let a(k) be the first derivative of -9 - 4*k**2 - 3*k - 1/6*k**3 - 1/2*k**4 - 1/20*k**5. Let g(d) be the first derivative of a(d). What is g(-6)?
-2
Let m = 35 - 22. Let b(k) = 4*k**3 - k**2 - m + 14 + 0*k + k. Let v be (-15)/12 - 3/(-12). Calculate b(v).
-5
Suppose 3*s + 2*z = -1, -6*s - 3*z = -s. Let c(o) be the first derivative of o**3/3 - 3*o**2/2 - o - 24. Determine c(s).
-1
Let c = -155 - -147. Let d(p) = -p**3 - 9*p**2 - 9*p - 12. What is d(c)?
-4
Let w(a) = -a**3 - 7*a**2 + 4*a + 18. Let s be w(-7). Let b(r) = r**3 + 9*r**2 - 12*r - 15. Determine b(s).
5
Let h(b) = 7*b - 1. Let v be (-30)/(-18) - 2/(-6). Suppose -p + v = p. Give h(p).
6
Let f(o) be the second derivative of -o**5/20 - 5*o**4/6 + 3*o**2 - 3*o + 3. Calculate f(-10).
6
Let y(g) = g**3 + g**2 - 1. Let t(k) = -2*k**3 + 9*k**2 + 19. Let u(p) = -t(p) - 3*y(p). Determine u(-12).
-16
Let w(h) = 39*h - 11*h - 12*h - 15*h + 2. Let q = 12 - 4. Suppose -3*f + q = 2. Give w(f).
4
Let f(l) be the second derivative of -l**4/12 + 7*l**3/6 - 7*l**2/2 - 6*l. Let p = -235 - -243. Determine f(p).
-15
Let m(i) = i**3 + 6*i**2 + 5*i. Let d be ((-14)/5)/(1 + (-36)/40). Let q = -33 - d. Give m(q).
0
Let y(m) = -m**2 - 4*m + 4. Suppose -17 = 4*l - r, -2*l - 22 - 4 = -4*r. Give y(l).
7
Let n(l) = -7 - 2 + l - 2*l. Let o(w) = 2*w + 30. Let z be o(-14). Suppose -x - 24 = z*s + 3*x, 5*x = -3*s - 33. What is n(s)?
-3
Suppose 5 = -5*z + 5*c, -z = -2*z + 4*c + 11. Let y(g) = g**3 + 6*g**2 + 6*g + 6. Give y(z).
1
Let b(l) = 5*l**2 + 2. Let x(f) = 2*f**3 + 27*f**2 - 16*f - 30. Let c be x(-14). Calculate b(c).
22
Let n(w) = 3*w**2 + 1. Suppose 24 = p + 19. Suppose p*f = -m + 3*f + 1, -f = -5*m - 6. Determine n(m).
4
Let g(p) be the first derivative of p**4/4 + p**3/3 + p**2/2 - 3*p - 2. Suppose 0 = 3*d - 12*d. Determine g(d).
-3
Let a(x) = x - 1. Let l be (-456)/(-78) - 4/(-26). Suppose -5*s + l*s = -15. Let z = 17 + s. Determine a(z).
1
Let a(b) = 2*b**2 + 2*b - 1. Let c = 1048 + -1047. What is a(c)?
3
Let b(n) be the first derivative of n**3/3 - 4*n**2 + 4*n - 5024. Let v be -2*1 - (-7 - 1). What is b(v)?
-8
Let h = -6 - -8. Let a(m) be the second derivative of m**7/1260 + m**6/720 + m**5/60 + m**4/12 - 2*m. Let i(f) be the third derivative of a(f). Determine i(h).
12
Let s(a) = -a**2 - 2*a + 2. Let c(i) = -2*i**3 + 9*i**2 + 4*i - 1. Let g be (4/(-6))/(4/(-30)). Let j be c(g). Let z = 8 + j. What is s(z)?
-6
Let v be (42/(-35))/((-24)/(-200)). Let k(t) = -2*t - 17. Let n(p) = 3*p + 25. Let x(a) = 8*k(a) + 5*n(a). Determine x(v).
-1
Let b(m) = -m**3 + 5*m**2 + 8*m - 10. Let n be ((-70)/(-30))/((-10)/(-30)). What is b(n)?
-52
Let c(v) be the first derivative of v**2/2 - 9*v + 1. Let q(r) = 2*r**3 + 9*r**2 - 18*r. Let a be q(-6). Give c(a).
-9
Let t(f) = 2*f**2 + 14*f. Let w(m) = m**2 + 12*m - 1. Let s(c) = -2*t(c) + 3*w(c). Calculate s(9).
-12
Let d(g) = g**3 - 5*g**2 - 75*g + 429. Let p be d(7). Let x(u) = 7*u - 4. Let z = 3 + -7. Let y(i) = -8*i + 5. Let k(f) = z*x(f) - 3*y(f). Determine k(p).
-7
Suppose -69*l - 15 = -66*l. Let j(d) = d**3 + 5*d**2 + 3*d + 6. Calculate j(l).
-9
Let h(y) = 11*y - 18. Let o be h(2). Let q(w) = -3*w + 191*w**2 - 195*w**2 + o*w. What is q(2)?
-14
Let p(y) = -y**2 + 5*y - 1. Suppose 26 = g - 4*c, -2*g - 3*c + 2*c + 7 = 0. Suppose g*s - 14 = -s. Give p(s).
5
Let g(k) = 15*k + 25. Let j(l) = 41*l + 74. Let s(o) = 8*g(o) - 3*j(o). Give s(-8).
2
Let j(m) = 2*m**2 + 11 - 2 - 33 - m**2 - 12*m + 6*m. What is j(8)?
-8
Suppose 6*g - 20 = 4*g. Let p = -15 + g. Let j(u) be the first derivative of u**3/3 + 5*u**2/2 - 3*u - 2. Calculate j(p).
-3
Let t(v) = 7*v**3 + 2*v - 1. Let k = -17 + 32. Let g be (6/k)/((-2)/(-5)). Give t(g).
8
Suppose 9 = -5*x + 4*x + 5*p, 0 = 5*x - 2*p + 22. Let a = 8 - 6. Let c(r) = 18*r - 20*r + r**2 - a*r**2 + 2. Give c(x).
-6
Let q(b) = b - 15. Let s be (-2)/(16/(-7) + 2). Calculate q(s).
-8
Suppose 0 = 2*i - 5*h + 7, -i - 1 = -5*h - 0. Let l(z) be the third derivative of -z**5/60 - 5*z**4/24 + z**3/2 - 2*z**2 + 132*z. Determine l(i).
-3
Let r be (-3 + 48/6)/(-1). Let s(x) = -x**3 - 7*x**2 - 8*x + 10. What is s(r)?
0
Let d(y) = -y**3 - 6*y**2 + 8*y + 3. Let l be (189/(-54))/(2/4). Calculate d(l).
-4
Let g(c) = 5*c**2 + 10*c. Let i(h) = h**2 + h + 1. Let a(z) = g(z) - 6*i(z). Suppose -5*k + 30 + 35 = 5*l, 3 = -l. Let o = 20 - k. Calculate a(o).
-6
Let o(t) be the first derivative of -t**4/8 - 3*t**2/2 - 15. Let c(y) be the second derivative of o(y). Calculate c(-1).
3
Let z(x) be the second derivative of -1/20*x**5 + 0 + x + 1/2*x**3 + 0*x**4 - 1/2*x**2. Let u(r) = r**3 + 8*r**2 + 8*r + 9. Let q be u(-7). Give z(q).
-3
Let f(p) = -6*p**2 - 7*p - 4. Let l(v) = -4*v**2 - 5*v - 3. Let q(b) = -5*f(b) + 7*l(b). Let i = 35 + -34. Calculate q(i).
1
Let v(z) be the second derivative of z**3/6 + z**2/2 - 2*z - 19. What is v(6)?
7
Let z be (19 + -17)/(3/(-18)*-3). Let a(y) = -y - 2. Give a(z).
-6
Let f(u) be the second derivative of -u**3/6 + 5*u**2/2 - 732*u. What is f(-1)?
6
Let i be 14/(-49) + 46/14. Suppose 3*y = -p + 2 - 4, 6 = -y - i*p. Let h = y - 4. Let w(z) = -z**3 - 3*z**2 + 2*z - 2. Determine w(h).
6
Suppose -3*g + 4*g + 5*r = -20, -12 = g + 3*r. Let n be (-192)/(-20) - (-6)/15. Let c(x) = n*x**2 - 4*x**2 + 3 + x - 7*x**2. Determine c(g).
3
Let h(a) = 8*a + 9. Let d(s) = s + 1. Let v(g) = -5*d(g) + h(g). Let x(b) = -b**3 - 11*b**2 + 98*b - 71. Let o be x(-17). What is v(o)?
-5
Suppose -j - 2*v + 1 = 0, 5*v - 4 - 12 = 2*j. Let z = -11 + 13. Let k(o) = z*o + 2 + 0 - 1 - 4*o. Wh